What is the remainder when 2791500 is divided by 629?
627
Calculate the remainder when 1816 is divided by 407.
188
Calculate the remainder when 2333 is divided by 146.
143
Calculate the remainder when 105015 is divided by 138.
135
Calculate the remainder when 2619 is divided by 341.
232
Calculate the remainder when 18438 is divided by 6137.
27
Calculate the remainder when 1759 is divided by 307.
224
Calculate the remainder when 49261 is divided by 403.
95
What is the remainder when 100789 is divided by 39?
13
Calculate the remainder when 6809 is divided by 6778.
31
Calculate the remainder when 770480 is divided by 1796.
1792
Calculate the remainder when 285611 is divided by 23.
20
What is the remainder when 4439 is divided by 222?
221
Calculate the remainder when 17321 is divided by 1502.
799
What is the remainder when 7225 is divided by 897?
49
What is the remainder when 1448883 is divided by 62?
5
Calculate the remainder when 45134 is divided by 979.
100
Calculate the remainder when 5732 is divided by 693.
188
Calculate the remainder when 3255253 is divided by 27.
25
What is the remainder when 577597 is divided by 10?
7
Calculate the remainder when 562376 is divided by 65.
61
Calculate the remainder when 6316 is divided by 422.
408
What is the remainder when 44384 is divided by 1707?
2
Calculate the remainder when 6611 is divided by 331.
322
What is the remainder when 905 is divided by 133?
107
Calculate the remainder when 278256 is divided by 2929.
1
Calculate the remainder when 5269 is divided by 1730.
79
Calculate the remainder when 1334 is divided by 1318.
16
What is the remainder when 2039317 is divided by 20?
17
What is the remainder when 865 is divided by 8?
1
What is the remainder when 2391 is divided by 486?
447
What is the remainder when 17596 is divided by 286?
150
What is the remainder when 1607 is divided by 220?
67
Calculate the remainder when 128332 is divided by 195.
22
Calculate the remainder when 16016 is divided by 51.
2
Calculate the remainder when 418 is divided by 32.
2
Calculate the remainder when 1904 is divided by 330.
254
What is the remainder when 3447462 is divided by 11?
7
Calculate the remainder when 6903 is divided by 191.
27
Calculate the remainder when 15476 is divided by 64.
52
Calculate the remainder when 16533 is divided by 119.
111
What is the remainder when 4919 is divided by 204?
23
Calculate the remainder when 474169 is divided by 6002.
11
What is the remainder when 219740 is divided by 17?
15
What is the remainder when 300437 is divided by 232?
229
Calculate the remainder when 163346 is divided by 704.
18
What is the remainder when 313 is divided by 84?
61
Calculate the remainder when 168637 is divided by 17.
14
Calculate the remainder when 1309 is divided by 618.
73
Calculate the remainder when 40478 is divided by 40475.
3
Calculate the remainder when 1569 is divided by 438.
255
What is the remainder when 2176 is divided by 2169?
7
Calculate the remainder when 318634 is divided by 1532.
1510
Calculate the remainder when 208857 is divided by 9.
3
Calculate the remainder when 164101 is divided by 292.
289
Calculate the remainder when 63429 is divided by 2439.
15
Calculate the remainder when 144472 is divided by 41.
29
Calculate the remainder when 46852 is divided by 37.
10
Calculate the remainder when 106877 is divided by 497.
22
Calculate the remainder when 2696 is divided by 243.
23
Calculate the remainder when 8604 is divided by 9.
0
What is the remainder when 3206367 is divided by 30?
27
What is the remainder when 16867 is divided by 484?
411
What is the remainder when 181959 is divided by 11?
8
What is the remainder when 96902 is divided by 52?
26
Calculate the remainder when 2901 is divided by 2877.
24
What is the remainder when 15969 is divided by 202?
11
What is the remainder when 18348 is divided by 9174?
0
Calculate the remainder when 256 is divided by 10.
6
What is the remainder when 36230 is divided by 7244?
10
What is the remainder when 263917 is divided by 40?
37
Calculate the remainder when 12885 is divided by 44.
37
What is the remainder when 3599 is divided by 266?
141
Calculate the remainder when 7291 is divided by 742.
613
Calculate the remainder when 21754 is divided by 194.
26
What is the remainder when 2632 is divided by 841?
109
Calculate the remainder when 922 is divided by 343.
236
What is the remainder when 992 is divided by 569?
423
What is the remainder when 39454 is divided by 19688?
78
What is the remainder when 947 is divided by 209?
111
What is the remainder when 48071 is divided by 802?
753
What is the remainder when 2519 is divided by 161?
104
Calculate the remainder when 2955 is divided by 105.
15
What is the remainder when 5155 is divided by 12?
7
Calculate the remainder when 85548 is divided by 30.
18
What is the remainder when 5347 is divided by 504?
307
Calculate the remainder when 5431 is divided by 452.
7
What is the remainder when 186 is divided by 46?
2
Calculate the remainder when 2498 is divided by 271.
59
Calculate the remainder when 17884 is divided by 17865.
19
What is the remainder when 6024 is divided by 169?
109
What is the remainder when 5221 is divided by 215?
61
Calculate the remainder when 71865 is divided by 579.
69
What is the remainder when 27541 is divided by 108?
1
Calculate the remainder when 59489 is divided by 3964.
29
Calculate the remainder when 38899 is divided by 12952.
43
Calculate the remainder when 1012417 is divided by 611.
601
Calculate the remainder when 384179 is divided by 497.
495
What is the remainder when 13952 is divided by 388?
372
Calculate the remainder when 3828 is divided by 93.
15
What is the remainder when 1957 is divided by 1923?
34
Calculate the remainder when 3479 is divided by 703.
667
What is the remainder when 219105 is divided by 153?
9
What is the remainder when 45106 is divided by 45052?
54
What is the remainder when 187088 is divided by 381?
17
Calculate the remainder when 585264 is divided by 982.
974
What is the remainder when 6392 is divided by 52?
48
What is the remainder when 1876 is divided by 902?
72
What is the remainder when 694 is divided by 282?
130
What is the remainder when 690311 is divided by 15340?
11
Calculate the remainder when 14900 is divided by 18.
14
Calculate the remainder when 214748 is divided by 90.
8
What is the remainder when 1374569 is divided by 1374560?
9
What is the remainder when 16293 is divided by 24?
21
What is the remainder when 143489 is divided by 1176?
17
What is the remainder when 958 is divided by 92?
38
Calculate the remainder when 173927 is divided by 137.
74
Calculate the remainder when 233727 is divided by 148.
35
What is the remainder when 2209 is divided by 153?
67
What is the remainder when 223956 is divided by 687?
681
Calculate the remainder when 3216 is divided by 146.
4
Calculate the remainder when 5162 is divided by 459.
113
What is the remainder when 13987 is divided by 41?
6
What is the remainder when 6032 is divided by 317?
9
Calculate the remainder when 168816 is divided by 11.
10
Calculate the remainder when 70309 is divided by 35148.
13
What is the remainder when 5695 is divided by 380?
375
Calculate the remainder when 280 is divided by 111.
58
Calculate the remainder when 2156766 is divided by 821.
820
Calculate the remainder when 25459 is divided by 8436.
151
Calculate the remainder when 12186 is divided by 16.
10
What is the remainder when 4178 is divided by 375?
53
What is the remainder when 11021 is divided by 324?
5
What is the remainder when 1222307 is divided by 184?
179
What is the remainder when 18846 is divided by 950?
796
Calculate the remainder when 11452 is divided by 2275.
77
Calculate the remainder when 6274 is divided by 315.
289
What is the remainder when 23024 is divided by 2092?
12
What is the remainder when 3072 is divided by 637?
524
Calculate the remainder when 1546027 is divided by 32.
11
Calculate the remainder when 2695 is divided by 24.
7
What is the remainder when 241506 is divided by 48?
18
Calculate the remainder when 92380 is divided by 906.
874
Calculate the remainder when 42909 is divided by 7098.
321
What is the remainder when 9345 is divided by 148?
21
What is the remainder when 5598 is divided by 313?
277
Cal